ppose f = 3*q - 389663, -q - 2*f - 12389 + 142272 = 0. Is q a composite number?
False
Let z be (-8)/(-20) - (-6)/(-15). Let d = -242 + 244. Suppose v = 4*x - 3760, z*x - 2831 = -3*x - d*v. Is x a prime number?
True
Is (66242 - 1) + 20 - 22 prime?
True
Let z = -6193 - -11212. Let q = z + 1580. Is q a composite number?
False
Let d(b) = 12330*b**2 + 508*b + 2979. Is d(-6) a composite number?
True
Suppose -5*o + 4*q = -110879, 90*o = 89*o - q + 22183. Is o a composite number?
True
Is ((-1)/5 - 1) + 24236212/110 + -1 a prime number?
True
Suppose b - 2*z = -z + 1, 0 = -4*z + 8. Suppose g - x - 3470 = 0, -10775 + 3830 = -2*g - b*x. Suppose 28*c - 31*c = -g. Is c a prime number?
False
Let b = 146748 + -104081. Is b prime?
True
Suppose 0 = -15*v - 1 + 16. Let y be (v + -3)*(-24)/16 + 2. Suppose y*z + 15 = 0, 2027 + 1537 = 3*t + 3*z. Is t prime?
False
Let d = -143 - -148. Suppose 5*k + g + 2*g - 3412 = 0, -d = 5*g. Is k composite?
False
Let u(l) = -5673*l - 551. Is u(-20) composite?
False
Let u = 170 + -137. Suppose u*j - 36*j = -1347. Is j a composite number?
False
Let h = -10818 - -24519. Is h prime?
False
Let q = -573 - -607. Let s(y) = y**3 + 3*y**2 + y. Let b be s(-2). Suppose b*t - 154 = q. Is t a composite number?
True
Let j = -202553 - -317610. Is j a prime number?
True
Suppose 24*b + 28618994 = 64*b + 3*b. Is b prime?
False
Let a(t) = -8*t + 67. Let s be a(8). Suppose x - 2*y = 3*y + 103, 4*x + s*y = 458. Is x prime?
True
Suppose -24*z + 40894 = -25490. Let m = -1519 + z. Is m a prime number?
False
Let m(z) = 1450*z**3 - 829*z**2 + 4*z - 28. Is m(9) a composite number?
False
Suppose 0 = 2308*p - 2301*p - 300062. Is p composite?
True
Suppose 3*h + 2*q = 9, -6*h + 5*h + 3 = -4*q. Is (-7707)/(-2)*(h - 7/3) a prime number?
False
Let b(j) = j**3 - 9*j**2 - 10*j - 13. Let g be b(10). Let l(x) = -x + 4. Let q be l(g). Let v(c) = 25*c - 27. Is v(q) a composite number?
True
Suppose 0 = u - 6*o - 127895, 34*o = 29*o - 30. Is u a composite number?
False
Let c = -413 - 23523. Let g be c/112 + (-4)/14. Let t = 363 + g. Is t prime?
True
Let j = 80 + -56. Suppose 3*v - 581 = 142. Let l = j + v. Is l composite?
True
Suppose 5*v = -2649 - 681. Let u = -415 - v. Is u a prime number?
True
Let c(t) = -t**3 + 5*t**2 + 2*t + 2. Let s be c(5). Is (-2111)/(-3)*(15 - s) composite?
False
Suppose 4609*w = 4618*w - 1064673. Is w composite?
False
Suppose 13*p - 6 = 11*p. Suppose 2*t = -n + 1057, -2028 = -3*n + p*t + 1098. Let q = n + 926. Is q a prime number?
True
Suppose 397*s + 150388 = 425*s. Is s a composite number?
True
Is (4*((-186)/36 - -5))/((-4)/68214) composite?
False
Let f = 5 - -51. Let p = f - 76. Is (9/(-12))/3 + (-3885)/p a composite number?
True
Let j be (-20)/(-14) + -6*(-4)/42. Suppose -4*s + 2*b + 2*b = -19452, 4865 = s - j*b. Is s composite?
False
Suppose v - 2*w - 12 = -4*w, -w = -4. Let b be v/2*(-10)/(-4). Suppose b*z + 357 = 2*g, 0*g = 2*g + 3*z - 397. Is g a composite number?
False
Let s(q) be the first derivative of q**4/2 - 20*q**3/3 + 11*q**2 - 43*q + 79. Is s(13) a composite number?
True
Is (-1269784)/(-12) - 40/(-60) - -11 a prime number?
False
Let s be 3/(84/(-16) - -6). Suppose -5*c - b + 4605 = -0*b, -5*b = -s*c + 3684. Is c composite?
True
Let h(o) = 47*o - 11. Let w be h(8). Suppose 0 = 2*l + 37 + 531. Let r = w - l. Is r a prime number?
False
Let t(i) = 433*i**2 + 97*i + 5. Is t(-20) prime?
False
Let q = 306 + -294. Suppose -625408 + 213556 = -q*h. Is h a composite number?
True
Suppose 5*g + 2142 = 22*g. Is 711/18*(g - 1 - 3) a prime number?
False
Let o = 117270 + -49469. Is o a prime number?
True
Let h be (-6)/(-9) - 140140/42. Let j = -1003 - h. Is j a composite number?
False
Let x = 122 - 117. Suppose 0 = 4*i - 10*n + x*n - 14528, 2*i - 7270 = n. Is i a prime number?
True
Let p(c) = c**3 + 5*c**2 + 2*c + 9. Let j be p(-5). Let z be (-19)/j + 0/12. Suppose 0 = i - 3*y - z, 3*i + 2*y = -0*y + 79. Is i a prime number?
False
Let a = 307 + -295. Is 109260/40 - 3/a*10 a prime number?
True
Let z(h) = -269*h - 258. Let k be z(-12). Let y be ((-3)/(-6))/((-2)/(-20)). Suppose -14185 = -y*p - k. Is p composite?
False
Is ((12418/(-35))/(20/25))/((-2)/28) a composite number?
True
Let a = -92 - -104. Let d(b) = -b + 19. Let s be d(a). Suppose s*p - 4*p = 4233. Is p prime?
False
Let f(v) = v**3 - 98*v**2 + 217*v - 451. Is f(96) a prime number?
True
Let t(l) = 16*l**2 - 39*l - 173. Let p(s) = -9*s**2 + 19*s + 87. Let q(z) = 7*p(z) + 4*t(z). Is q(-31) composite?
True
Suppose -34951 = -30*p + 27*p - 5*d, 0 = 5*p + d - 58281. Is p a composite number?
False
Suppose 3*p = -4*g + 66173, -59*g - 5*p + 16522 = -58*g. Is g composite?
False
Let w = 285 + -461. Let k = -75 - w. Let f = k + -58. Is f a prime number?
True
Let i(u) = u**2 - 2. Suppose -4*b - 4 = 2*c, -3*c + 0 - 2 = 4*b. Let o be i(b). Is (-4*(-199)/2)/o composite?
False
Let j = -5935 - -2886. Let w = j + 4997. Let f = 2889 - w. Is f prime?
True
Let g(k) = 128*k**2 + 7*k + 4. Let h be g(7). Suppose 4*m - h = 36367. Is m a composite number?
True
Let c = 1631203 - 1163265. Is c composite?
True
Suppose -z = 116*t - 111*t - 105444, -3*t = 3*z - 63264. Is t composite?
False
Suppose -24*m + 9252 = -28*m. Let r = m - -13078. Is r prime?
False
Suppose -2*j + 16*j = 0. Suppose 4 = -y, j*t = -t + 3*y + 1535. Is t a prime number?
True
Let m(k) = -1979*k + 504. Is m(-31) prime?
False
Is -12 - -21 - -79413 - -11 prime?
True
Let u be 132/9 + (-4)/6. Let m be ((-4)/(-5))/(u/(-2590)). Is 43/(((-8)/m)/2) prime?
False
Let w be (-12 + 13)*(-4)/(-2). Is (6941/(-4))/(w/(-8)) a composite number?
True
Let f(l) = 25997*l**3 - l**2 - 7*l + 18. Is f(3) prime?
False
Let o = 12 - 7. Suppose -5*g - c - 111 + 405 = 0, o*g + 3*c = 302. Is g a composite number?
True
Suppose 0 = 3*j + 3, 0*v = 3*v - 3*j - 348. Suppose -11*w = -v - 72. Suppose -15*l - 14 = -w*l. Is l composite?
False
Let a be (6/(-10))/(-5 - 72/(-15)). Suppose -475 = -a*w - 28. Is w a composite number?
False
Suppose -175*o - 845239 + 1712900 + 9832014 = 0. Is o a composite number?
False
Let i be -5 + 11/(44/(-60)). Let j(m) = -72*m + 73. Is j(i) a composite number?
True
Let f(g) = g**2 + 24*g + 88. Let d be f(-20). Suppose 895 = n + 3*t, n + 3*t - 895 = d*t. Is n composite?
True
Let g = -233 + 416. Suppose -3*c - l + 467 = -g, 445 = 2*c + 3*l. Is c composite?
True
Let s = -1209 - -838. Suppose -452 = -i + 170. Let h = s + i. Is h prime?
True
Suppose -2*n + 59609 = 3*m, 762 = 4*m + 758. Is n prime?
True
Let t(o) = 287*o**3 - 27*o**2 - 122*o + 13. Is t(11) composite?
True
Suppose 23*h - 2831948 = -54721. Is h a composite number?
False
Is 1 + -7 - (11836230/(-58) - 52/754) prime?
True
Suppose -9*x = -11*x + 8. Let n = 0 + x. Is (n/2 - (-5 + -581)) + -1 a prime number?
True
Suppose -3*h + 83*r - 84*r + 186017 = 0, 0 = -3*h - 3*r + 186021. Is h prime?
False
Let x(s) = -4140*s - 157. Is x(-4) prime?
False
Let c(h) = 4*h**2 + 2*h - 9. Let s(d) = -d**2 - 3*d + 9. Let i(g) = 2*c(g) + 3*s(g). Suppose 0 = 2*o + 3*a, -4*o - 10 = 2*a - 26. Is i(o) prime?
False
Let x = -137099 - -429616. Is x prime?
True
Let m(z) = -z**2 + 8*z + 36. Let a be m(11). Suppose 3*y + 0 = 12, a*n + 3*y = 1251. Is n a composite number?
True
Suppose l = -0 - 5, -5*l + 573 = -2*b. Suppose 3*x + 3*u - 1306 = u, x - 417 = 3*u. Let h = x + b. Is h a prime number?
False
Suppose -4*c = c + 4*s + 125, -5*s = 3*c + 88. Let a = c - -23. Suppose -3032 + 1194 = -a*m. Is m a composite number?
False
Suppose 1274503 = 5*b - c, -27*b - 764709 = -30*b - 3*c. Is b prime?
False
Suppose -6*i - 11 - 13 = 0. Let w(h) = -6*h**3 - 10*h**2 - 7*h - 1. Is w(i) prime?
True
Suppose y - w = -3*y + 4, -4*y - 3*w = -20. Is (y - 3)/((24/(-6))/4684) prime?
True
Let t = -140088 + 317039. Is t prime?
True
Suppose 18 = 2*l + z, -l = z + 3*z - 16. Suppose -3*t = -l + 2. Suppose 0 = c + t*c - 159. Is c prime?
True
Let i(u) = 115*u**3 - 7*u**2 + 31*u - 10. Let g be i(11). Suppose 164716 + g = 39*f. Is f a prime number?
False
Suppose 4504*f - 1342716 = 4492*f. Is f a prime number?
True
Suppose 18 = 8*x - 38. Suppose 60 = 3*b + x*b. Is (-126)/24*(-16)/b prime?
False
Let g = 29 + -25. Suppose -1306 = g*p + 886. Let w = p - -850. Is w composite?
True
Let g = -506 - -515. Suppose -g*y + 44166 = -14901. Is y composite?
False
Let y = 2373 + -7